)/30 + 1). Let x(g) = 3*g**2 + 5*g + 3. What is the remainder when x(-2) is divided by b + 0 - (3 - 5)?
2
What is the remainder when (-10484224)/(-17920) - (-1 - (-111)/105) is divided by 49?
46
Suppose -x + 0*x + 9 = t, 5*t = 5*x - 5. Suppose -5*m - t*i = -163 - 12, -3*i = -2*m + 70. Let n = -147 + 165. Calculate the remainder when m is divided by n.
17
Suppose -3968 + 1322 = 9*a. Let s = a - -349. What is the remainder when s is divided by 19?
17
Let o(v) = 2*v + 124. Let z(x) = x - 3. Let u(c) = o(c) - 3*z(c). Suppose 4*t - 81 = t - 2*s, 0 = -s + 3. What is the remainder when u(10) is divided by t?
23
Suppose -38*r - 669 + 2370 = -11*r. What is the remainder when 313 is divided by r?
61
Let y(w) = 14*w**2 + 34*w + 287. Calculate the remainder when y(32) is divided by 18.
15
Suppose 3*h + 1479 = 3*d, -49*h = -50*h - 3. Let s = -458 + d. Calculate the remainder when 147 is divided by s.
19
Suppose 0 = -39*b + 1245 + 42. Calculate the remainder when ((-2750)/(-44))/((-2)/(-4)) is divided by b.
26
Let d be 18/18*1*9. Suppose 12*v - d*v - 96 = 0. Let t = -12 + 30. What is the remainder when v is divided by t?
14
Let i = 1070 - 1046. Suppose o = -3*o + 352. Calculate the remainder when o is divided by i.
16
Let l(m) = 25*m**2 + 1. What is the remainder when (12/22)/(423/58938) is divided by l(1)?
24
Suppose -215 = -2*f - z, 0 = -5*f - 5*z + 74 + 446. What is the remainder when 1220 is divided by f?
110
Let n(r) = r**2 - 8*r - 55. Suppose 17*f - 229 = 366. Calculate the remainder when n(18) is divided by f.
20
Suppose 0 = 11*p - 14 - 19. Suppose -p*l + 2*l = -88. Calculate the remainder when l is divided by 32.
24
Suppose -3*s = -64*t + 69*t - 1930, -s = -t - 646. What is the remainder when s is divided by 19?
18
Let d(f) = 2*f**3 - 25*f**2 - 40*f + 11. Calculate the remainder when 264 is divided by d(14).
30
What is the remainder when 400 is divided by -15*(-7 + (-222)/(-30)) - -69?
22
Suppose 2*i = -2, -2974*b + 2976*b + i = 485. Calculate the remainder when 493 is divided by b.
7
Let o = -1471 + 1508. Suppose 4*u + 4*h - 36 = 0, -4*u - 5*h - 13 = -48. What is the remainder when o is divided by u?
7
Let r be 4/10 + 64/40. Suppose -4*d - 5*v + 143 + 501 = 0, -644 = -4*d - r*v. What is the remainder when d is divided by 42?
35
Suppose 0 = -35*k + 49*k - 2856. Suppose k*z - 213*z = -927. What is the remainder when z is divided by 54?
49
Calculate the remainder when 394 is divided by -8 - 0/2 - (-10368)/96.
94
Let g = -1988 + 2474. What is the remainder when g is divided by 98?
94
Suppose -43*d + 1627 = -12219. Calculate the remainder when d is divided by 52.
10
Suppose 3*m + 308 = 7*m. What is the remainder when m is divided by 3/2*580/(-18)*(-9)/15?
19
Suppose 102564 = 151*r - 52*r. What is the remainder when r is divided by 52?
48
Let a be (16/(-3))/(24/(-1980)) + 2. Let i(w) = 453*w - a*w - 1 + 3. What is the remainder when 70 is divided by i(2)?
22
Calculate the remainder when (18*-1)/(15*15/(-2100)) is divided by 77.
14
Let m be -413*(1/2)/((-1)/2). Suppose 2*f - 3*k - m = -0*k, k + 423 = 2*f. Let z = f - 139. What is the remainder when z is divided by 11?
9
Let z(v) = -2*v**3 - 76*v**2 - 13*v - 4. What is the remainder when 1474 is divided by z(-38)?
4
Suppose 6*z - z = 655. Let d = z + -88. Suppose -138 = -10*y + 4*y. Calculate the remainder when d is divided by y.
20
Let c = -10247 + 10518. Calculate the remainder when c is divided by 138.
133
Let a(z) be the second derivative of -z**3/3 + 15*z**2/2 + 10*z - 2. Let l = -29 - -29. Calculate the remainder when 70 is divided by a(l).
10
Let m = 1804 + -1758. What is the remainder when 222 is divided by m?
38
Let l = 4740 + -4723. What is the remainder when 1866 is divided by l?
13
Let i(r) = r**2 - 7*r. Let s be i(7). Suppose 0*g - g + 27 = s. Let f(t) = -15*t + 16. What is the remainder when f(-6) is divided by g?
25
Let t(o) = -o**3 - 32*o**2 + 5*o + 360. Calculate the remainder when t(-32) is divided by 29.
26
Suppose -15 = -t - c, -2*t = 4*c - 5 - 11. What is the remainder when 1024 is divided by t?
12
Let f = 171 - 48. Suppose -552 = -32*l + 26*l. Let t = -61 + l. What is the remainder when f is divided by t?
30
Let n be 2*(-16)/12*171/(-24). Suppose 23*w - n*w = 36. What is the remainder when 31 is divided by w?
4
Suppose -559 = -49*x + 62*x. Let n = -35 - -16. Let g = n - x. What is the remainder when g is divided by 5?
4
Suppose 114*x - 41*x - 330702 = 26925. Calculate the remainder when x is divided by 223.
216
What is the remainder when 434 is divided by 280/630 + (-131)/(-9)?
14
What is the remainder when 1974 is divided by 3 + (-31)/10 + 0 + 442/20?
16
Suppose b = -3*p + 20 - 3, b = -p + 27. Let r(v) = v**3 - 10*v**2 + 8*v - 3. Let n be r(10). Let z = 137 - n. Calculate the remainder when z is divided by b.
28
Let f = -311 + 149. Let v = f - -195. What is the remainder when v is divided by 12?
9
Let b(p) = -p**2 + 30*p - 136. Let d be b(24). Suppose d - 52 = -4*r. Calculate the remainder when 29 is divided by r.
7
Calculate the remainder when ((-1265968)/(-968))/((-6)/(-33)) is divided by 49.
39
Let f(v) = 4*v**2. Let r(n) = -n + 19. Let u be r(9). Suppose 2*k + 3*k - 5 = o, 0 = 5*k - u. Calculate the remainder when f(-2) is divided by o.
1
Let s(f) = -2*f**2 - 6*f**2 - 7*f**2 - 3*f**2 + 16*f**2 + 94 - 57*f. Calculate the remainder when 42 is divided by s(-30).
2
Let k(u) = -u**3 + 234*u**2 - 240*u + 1701. Suppose 2*t - 106 = -2*z - z, -4*t = 3*z - 104. Calculate the remainder when k(233) is divided by z.
34
Let z be (-214)/(-24)*-2 + 12/(-72). Calculate the remainder when 48 is divided by (z + 17)/((-2)/14).
6
Let f(a) = -a**2 + 5*a + 27. Let s be f(6). Let p = -103 + 164. What is the remainder when p is divided by 9/(-15)*(-385)/s?
6
Let h(t) = -32*t + 1816. What is the remainder when h(34) is divided by 53?
39
Let d(g) = -7299*g + 875. What is the remainder when d(-1) is divided by 2724?
2
Let y(d) = -d**3 + 10*d**2 + 10*d + 17. Let p be y(11). Suppose -57 = 3*j + 3. Calculate the remainder when j/p*300/(-8) is divided by 32.
29
Let w = -2445 - -2518. What is the remainder when 211 is divided by w?
65
Let l = 7652 - 5970. What is the remainder when l is divided by 414?
26
Suppose -4*z + 77 + 9 = -u, 5*u = z - 50. What is the remainder when 128 is divided by z?
8
Let i be (-6*1)/(5 + 635/(-125)). Suppose 40 = 4*a + y - 19, 5*a - i = -y. Let s(m) = 6*m - 6. What is the remainder when s(6) is divided by a?
14
Let j(c) = 99*c - 157. Let k be j(7). Let y = k + -526. Calculate the remainder when 138 is divided by y.
8
Let w = -334 + 310. Let y(h) = -2*h**3 - 49*h**2 - 29*h + 31. What is the remainder when y(w) is divided by 16?
7
Let s be 6 + 76/2 + -9. Suppose 0 = s*n - 31*n - 608. Calculate the remainder when n is divided by 71.
10
Suppose -3*r = 7*m - 500, -3*m + 16*r + 209 = 12*r. Calculate the remainder when 141 is divided by m.
70
Let y be 2/8 - (-51)/4. Let d = 30 - y. Calculate the remainder when 84 is divided by d.
16
Let p = 100 + -87. Let n(j) = -j**3 - 4*j + 57. Calculate the remainder when n(0) is divided by p.
5
Let g(m) = m**2 - 3*m + 4. Let h = -24579 - -24591. What is the remainder when h is divided by g(3)?
0
Let x = -7575 - -7664. What is the remainder when 149 is divided by x?
60
Let m(q) = q**3 - q + 6. Suppose 41 + 148 = 3*p + 3*b, -2*b = 3*p - 189. What is the remainder when p is divided by m(0)?
3
Let x = 1028 + -2578. Let n = -773 - x. What is the remainder when n is divided by 13?
10
Suppose 460 = 2*x + 6*o - 2*o, -x = 3*o - 230. Suppose -30957*n + 30917*n + 2360 = 0. What is the remainder when x is divided by n?
53
Let i(o) be the first derivative of -1/2*o**2 + 0*o**3 - 19/4*o**4 + 0*o + 9. What is the remainder when 78 is divided by i(-1)?
18
Let h(m) = m**2 + 4*m + 19. What is the remainder when (-11)/5*(-24 - 31) is divided by h(-3)?
9
Let x(z) = z**3 + 6*z**2 - 4*z - 8. Let a be x(-6). Let t = a - 5. Let b(u) = -u**2 - 12*u + 40. What is the remainder when b(0) is divided by t?
7
Let y(x) = -2*x**3 - 2*x**2 + 3*x. Let i be y(0). Suppose i = 8*j + 26 - 106. Let s(u) = 4*u**3 - u**2 - u + 2. What is the remainder when s(2) is divided by j?
8
Let y(c) = -5*c**2 + 203*c + 95. Calculate the remainder when 4639 is divided by y(41).
11
Suppose -152*i = -3